y j?
9
Let s(h) = -h + 9. Let q(l) = -l + 12. Let w be q(6). Let c be s(w). Suppose 30 = c*g - 48. What is the remainder when g is divided by 14?
12
Let y = 37 - 30. Calculate the remainder when 13 is divided by y.
6
Suppose 4*o + 4*n - 2*n - 198 = 0, -3*n = -4*o + 193. Suppose z - t - 3*t = -7, 37 = 4*z - 3*t. What is the remainder when o is divided by z?
10
Let p = 1 + 28. What is the remainder when p is divided by 0 + ((-1)/1 - -11)?
9
Suppose -29 + 3 = -2*s. Suppose 14 + s = 3*x. Calculate the remainder when 17 is divided by x.
8
Let h(u) = -3*u**2 - 13*u + 4*u + u**3 + 10 - 3*u**2. Let d be h(7). What is the remainder when 34 + 5/(10/d) is divided by 11?
10
Let y(b) = b**3 + 9*b**2 + 9*b + 6. Let r(j) = 3*j**2 - j - 3. What is the remainder when y(-7) is divided by r(3)?
20
Suppose -y = -3*y + 4. Suppose 21 = y*s - 21. Suppose -s = -5*d + 29. Calculate the remainder when d is divided by 6.
4
What is the remainder when 42 is divided by 4 + ((-13)/52 - 58/(-8))?
9
Let z = -3 - -8. Let v(c) = 4*c - 1 + 5*c - 3*c - c**2. Calculate the remainder when v(z) is divided by 3.
1
Let i be -2 + (0 - -1*17). Let g be 1 + (-1 + i)*1. Let m = -5 + g. Calculate the remainder when 18 is divided by m.
8
Let u(a) = -3 + a**2 + 0*a**2 + 9 + 9*a. Let s be u(-6). Calculate the remainder when 1 - (s + 0)/1 is divided by 7.
6
Suppose 1 = -b + 6. Calculate the remainder when (-1)/(39/(-345)) - (-2)/13 is divided by b.
4
Suppose -4*b = 16 + 8. Let u = -1 - b. Let f = u - -7. Calculate the remainder when f is divided by 7.
5
Suppose -2*g = 3*d - 12, -2*d - g = 4*g - 8. Suppose 0 = -x - h + 5, h + 0*h + 3 = 3*x. What is the remainder when d is divided by x?
0
Suppose -28*o = -9*o - 171. Let x = 80 - 54. What is the remainder when x is divided by o?
8
Suppose 2*a - 7*a = -5. Let f = 2 + a. Suppose 4*z = -5*u + 26, 3*u = z - 2*u + 6. What is the remainder when z is divided by f?
1
Suppose -2*u = -3*w + 4 + 59, -4*w + 2*u + 82 = 0. What is the remainder when (-4)/14 - 508/(-14) is divided by w?
17
Let r = 23 + 1. What is the remainder when 47 is divided by r?
23
Let r = 9 + -7. Suppose r*w = w. Suppose 6*v + 119 = 3*m + 5*v, 4*v - 16 = w. Calculate the remainder when m is divided by 14.
13
Suppose -756 = -26*u + 8*u. What is the remainder when u is divided by 10?
2
Let v(w) = -w**3 + w**2 + w - 4. Let b be v(0). Let j be -10*15/6*b. Suppose 0 = -4*z + j - 28. Calculate the remainder when 35 is divided by z.
17
Suppose 0 = 5*o - 2*j - 284, -o + j - 6*j = -46. Calculate the remainder when o is divided by 35.
21
Suppose -2*z - z + 48 = 0. What is the remainder when z is divided by 9?
7
Let g(u) = -u + 66. Calculate the remainder when 75 is divided by g(28).
37
Let a = 22 + -22. Suppose 0 = 5*t - 2*i - 38, 16 = 4*t - 0*i + 2*i. Let o = a + t. Calculate the remainder when 11 is divided by o.
5
Let t(z) = 3*z**2 - 3*z - 14. What is the remainder when 57 is divided by t(4)?
13
Let s be 3*(14/6 + -2). Let q be 44/6 + s/(-3). Suppose 0 = -d + q + 8. What is the remainder when 29 is divided by d?
14
Suppose 2*l - c = 3*c + 168, 222 = 3*l + 4*c. What is the remainder when l is divided by 21?
15
Suppose 0 = 15*y - 16*y + 38. What is the remainder when y is divided by 20?
18
Let t be (-4)/(-10) + 74/(-10). Suppose -5*u + 119 = -111. Calculate the remainder when u is divided by (-220)/(-14) - 2/t.
14
Let v be (2/(-4))/(1/(-6)). Suppose 3*b - 16 = -k - b, 2*b - 68 = -v*k. Suppose 8 = 4*t - k. Calculate the remainder when 15 is divided by t.
7
Calculate the remainder when 212/32 - 3/(-8) is divided by 6 - 1/((-1)/(-2)).
3
Suppose q - 3*w - w - 77 = 0, 4*q - w - 233 = 0. What is the remainder when q is divided by 20?
17
Let i = 6 + -3. Suppose -i*h - 4 = h. Calculate the remainder when 22/3 - h/(-3) is divided by 4.
3
Let r be 20/5*9/2. Let q = -7 + r. Calculate the remainder when 19 is divided by q.
8
Let q(j) = -2*j**3 + j**2 - j - 1. Let x be q(2). Calculate the remainder when 4/3*x/(-2) is divided by 10*(-4 + 22/5).
2
What is the remainder when 48 is divided by 0 - ((-3 - -1) + 1*-15)?
14
Let u(f) = 24*f**3 - 2*f + 1. Calculate the remainder when u(1) is divided by 9.
5
Suppose x - 14 = h, 2*x - 4 - 33 = -h. Calculate the remainder when 66 is divided by x.
15
Let a(g) = 4 - 2 - 3 + g**3. Calculate the remainder when 19 is divided by a(2).
5
Suppose -3*i + 100 = 19. Calculate the remainder when i is divided by 14.
13
Suppose -39 + 109 = 5*n. Calculate the remainder when n is divided by (-30)/(-6) - (-2)/(-2).
2
Let r(m) = -3*m + 1 - 3*m + 2*m. Let a be r(-1). Suppose 4*l + 55 = 5*u, 2*u + 2*l + a = 3*u. Calculate the remainder when u is divided by 8.
7
Let i(q) = -2*q + 5 + 5*q + 4 - 5. What is the remainder when i(6) is divided by 6?
4
Let m(s) = -s**3 - 3*s**2 + 2. Let j be m(-3). Suppose 11 = j*i - 27. Calculate the remainder when 55 is divided by i.
17
Suppose -v - 2*v = -72. Let w = 9 - 19. Calculate the remainder when v is divided by (1*2)/(w/(-65)).
11
Let k = -97 + 38. Let q = 97 + k. Suppose 4*z - 42 = -3*i + z, -i + 18 = 5*z. Calculate the remainder when q is divided by i.
12
Suppose -4*z + 356 = 28. What is the remainder when z is divided by 21?
19
Calculate the remainder when 8/(-6)*(-8 - 64) is divided by 25.
21
Let y = 32 + -18. What is the remainder when 65 is divided by y?
9
Suppose 5*l - 15*l + 200 = 0. Calculate the remainder when 39 is divided by l.
19
Let s = -22 - -13. Let u be (-1 + -1)/(3/s). Suppose 0 = -5*v - 4*m + 28, -u*v + v + m + 18 = 0. What is the remainder when v is divided by 3?
1
Suppose 5 = 3*v - 4. Let b be ((-1)/v)/(4/(-60)). Suppose -2*u - 3*u = -b. What is the remainder when u is divided by 1?
0
Suppose -5*h = -5*x - 85, -8*h - 41 = 2*x - 3*h. Let j = -12 - x. Suppose 4*t = j + 10. What is the remainder when 13 is divided by t?
1
Suppose 3*q = -4*w + 67 + 69, 0 = -w - 2*q + 39. Calculate the remainder when w is divided by 9.
4
Suppose 5*z - 4*z = 0. Suppose z = 3*v - v - 108. What is the remainder when v is divided by 14?
12
Suppose 5 = -q, 36 + 329 = 3*n - q. Suppose 0 = -6*p + n - 18. What is the remainder when p is divided by 2 - (-14)/(-4)*-2?
8
Let j(b) = -b**2 - 2*b - 4. Let f be j(-4). Suppose 3*w - 46 = -0*w + 2*p, -5*w + 66 = 2*p. What is the remainder when ((-4)/f)/(2/246) is divided by w?
13
Let j(g) = -3*g + 1. Let u(x) = x**2 + 6*x - 2. Let n(d) = 5*j(d) + 2*u(d). What is the remainder when 3 is divided by n(2)?
0
Let j(y) = -y**3 - 3*y**2 + 4*y + 6. Let h be j(-4). Let v be -3*2*(-2)/h. Suppose -7*x + 55 = -v*x. Calculate the remainder when x is divided by 4.
3
Let u(y) = -y + 7 + 2*y + 2*y**2 - 3*y**2. Suppose 2*s - t = 43, -2*s + 0*t + 58 = -4*t. What is the remainder when s is divided by u(0)?
5
Calculate the remainder when 20 - (-4 - (-4 - -2)) is divided by 5/((-5)/12)*-1.
10
Let h = 4 + -1. Suppose -j = 4*q - 18, -h*j + 1 = q + 2. Suppose q*b - 22 = -4*u + 75, 0 = 4*b - 3*u - 90. What is the remainder when b is divided by 11?
10
Suppose -6*t + 2*t - 2*r = -334, t + 5*r = 79. Suppose 0 = 5*z - 2*b - 118, -4*b + b = -2*z + 56. Calculate the remainder when t is divided by z.
18
What is the remainder when 149 is divided by 57/(1 - (-4 - (-28)/8))?
35
What is the remainder when 39 is divided by (-13 + 4)*(3 + (-28)/6)?
9
Suppose 2*z - 1 = 3. What is the remainder when 15 is divided by z?
1
Suppose 11 = i + 2*u - 2, 2*i + 2*u = 26. What is the remainder when i is divided by -3 + -4*77/(-28)?
5
Let m = -1 - -4. Let p = m + 1. Suppose -4*k - p*j = -104, 82 = 3*k + 3*j + j. What is the remainder when k is divided by 12?
10
What is the remainder when 22 is divided by (6 + -4)*(-18)/(-4)?
4
Let i be 142 + 3/(3/2). Let w = -3 + 8. Suppose y + 194 = w*l, -2*l = 2*l + 2*y - i. Calculate the remainder when l is divided by 13.
12
Calculate the remainder when (-235)/(-6) - (-11)/(-66) is divided by 10.
9
Suppose -4*w = -2*c - 156, -4*w + 8*c = 4*c - 156. Calculate the remainder when w is divided by 8.
7
Let r(u) = u + 5. Calculate the remainder when ((-1)/(-1))/(2/36) is divided by r(5).
8
Let k = -1 - -3. What is the remainder when 17*k*(-3)/(-6) is divided by ((-9)/4)/((-2)/8)?
8
Suppose -w - 1 = 0, 41 = 2*z - 4*w - 53. Suppose -l + 69 = 2*l. Calculate the remainder when z is divided by l.
22
Let x be (-8)/(-44) - (-62)/22. Suppose 9 